00011
What is 1011021122020 (base 3) in base 5?
124200431
What is 9a26 (base 16) in base 11?
27715
What is -2aab2 (base 12) in base 2?
-1110101110100110
What is -3333176 (base 8) in base 16?
-db67e
What is 183aaf (base 16) in base 8?
6035257
Convert -1364730 (base 9) to base 16.
-b7768
1145435025 (base 6) to base 13
2953a66
What is -1221402 (base 7) in base 16?
-263be
What is -360744 (base 8) in base 12?
-5b484
What is 49589 (base 15) in base 10?
234129
Convert -678959 (base 13) to base 8.
-11253010
What is -32a68 (base 13) in base 5?
-10414403
-163721 (base 14) to base 8
-2757341
Convert -12202212022210 (base 3) to base 15.
-408ee9
Convert -1232213231 (base 4) to base 13.
-12b30c
Convert -22320614 (base 7) to base 8.
-7310770
Convert 510cbc (base 13) to base 6.
104241025
Convert 4bb43 (base 13) to base 9.
233436
Convert 3645635 (base 8) to base 16.
f4b9d
-623054 (base 8) to base 13
-72c25
What is ec4d0 (base 16) in base 7?
11140555
55353456 (base 7) to base 9
8868653
Convert 1508735 (base 10) to base 8.
5602577
What is -4963b (base 13) in base 12?
-66209
Convert 656502 (base 7) to base 10.
115152
-202161666 (base 7) to base 9
-24170143
-117339 (base 10) to base 5
-12223324
What is -3120231 (base 6) in base 8?
-445633
What is 754250 (base 9) in base 14?
b9a2b
Convert -29b719 (base 12) to base 2.
-10101011111101000101
What is -44636650 (base 7) in base 14?
-72c360
What is 1c3 (base 16) in base 12?
317
What is 30977 (base 10) in base 13?
1113b
-2b5365 (base 16) to base 2
-1010110101001101100101
59bb6 (base 12) to base 10
120954
What is -1504044 (base 6) in base 14?
-236d6
-59349 (base 10) to base 8
-163725
Convert -c846 (base 14) to base 7.
-202516
Convert 3b11a (base 14) to base 16.
238f4
What is 4689 (base 13) in base 11?
74a4
Convert -131564 (base 15) to base 11.
-5760a6
Convert -46666 (base 7) to base 5.
-341004
Convert 125d8 (base 15) to base 5.
3334303
What is -1111433 (base 7) in base 6?
-2540112
8a9a0 (base 12) to base 3
100101012110
What is -202010021001 (base 3) in base 6?
-12253301
What is 10111101110011110 (base 2) in base 16?
17b9e
What is -11001001000101001 (base 2) in base 15?
-20788
What is -1103322221 (base 4) in base 11?
-215274
What is -8356a8 (base 11) in base 5?
-320333310
34357 (base 12) to base 6
1254151
What is -1323333123 (base 5) in base 3?
-20021200022212
ac0c5 (base 14) to base 11
265549
What is -161253 (base 9) in base 7?
-562443
a9593 (base 16) to base 12
295503
450ba (base 16) to base 3
112100221110
-3526754 (base 8) to base 5
-221241103
Convert -2544515 (base 7) to base 13.
-b7602
-96980 (base 12) to base 9
-332116
What is -665760 (base 9) in base 14?
-a5034
Convert 10000001001110101101 (base 2) to base 3.
222220002122
26036 (base 7) to base 12
3b9b
-3567b (base 13) to base 5
-11112114
Convert -764a88 (base 11) to base 5.
-303044313
Convert -134040140 (base 5) to base 13.
-1b2115
13ed9 (base 16) to base 15
192ba
What is 46888 (base 15) in base 8?
666646
Convert 209cc3 (base 13) to base 10.
764546
-11212111222112 (base 3) to base 8
-11677772
-5440525 (base 6) to base 4
-1001313011
Convert -74179 (base 12) to base 3.
-21201220210
-4647b5 (base 12) to base 14
-215013
Convert -127566 (base 13) to base 7.
-3531366
Convert 1b085 (base 15) to base 6.
1514455
-1110010101100001 (base 2) to base 12
-29b95
Convert 11110000010100 (base 2) to base 8.
36024
-10000011111011011100101 (base 2) to base 14
-80764d
Convert -45345 (base 10) to base 14.
-1274d
What is 224626 (base 9) in base 4?
200313312
What is -244354 (base 9) in base 10?
-147550
What is -114120331 (base 5) in base 9?
-1005770
Convert 350d2 (base 15) to base 13.
5bb8c
Convert 68721 (base 16) to base 15.
86b59
142814 (base 14) to base 3
1022111020200
Convert 12770 (base 12) to base 10.
25284
Convert 1239544 (base 10) to base 2.
100101110100111111000
Convert 6854c (base 13) to base 2.
101110010110011011
Convert -226169 (base 14) to base 5.
-244403413
Convert -2aa213 (base 11) to base 16.
-75b1e
-2206034 (base 8) to base 3
-1010010100011
What is 51b06b4 (base 12) in base 13?
3266191
-5813a53 (base 11) to base 2
-100110110001111101100011
What is 2256605 (base 11) in base 10?
3947146
What is -12a0b (base 12) in base 10?
-25643
What is 117576 (base 8) in base 4?
21331332
What is 11010111010000000 (base 2) in base 3?
12121011210
What is 1311042 (base 6) in base 16?
11762
-1a71aa (base 15) to base 16
-13ada3
-100000000101011001011111 (base 2) to base 10
-8410719
What is bbb6 (base 14) in base 2?
111111011110100
What is 10110111000100100 (base 2) in base 11?
64471
What is -5159741 (base 10) in base 6?
-302331405
Convert 33182f (base 16) to base 8.
14614057
-21200221020 (base 3) to base 4
-211000200
Convert -a90518 (base 12) to base 10.
-2675684
What is -432551 (base 7) in base 5?
-4403043
What is 70542 (base 10) in base 13?
26154
Convert 11121120001 (base 3) to base 5.
10401202
Convert 533567 (base 9) to base 12.
133951
Convert 22210110 (base 3) to base 11.
48a9
3321617 (base 9) to base 6
102135411
105357 (base 12) to base 2
111110111110110011
What is 76273 (base 10) in base 2?
10010100111110001
What is 3410234 (base 9) in base 7?
21421324
Convert 18dba0 (base 14) to base 10.
883120
-43122120 (base 6) to base 9
-2345783
Convert -178d0c (base 15) to base 16.
-117387
Convert 751536 (base 8) to base 6.
5212422
What is 2a6316 (base 12) in base 13?
1c0a9a
153994 (base 11) to base 8
723521
-20a7 (base 11) to base 14
-1027
Convert 1484502 (base 10) to base 7.
15421665
Convert 78236 (base 13) to base 6.
4400422
What is 302210111 (base 4) in base 13?
73379
What is 3011322 (base 5) in base 4?
23221200
2b721b (base 13) to base 10
1072498
What is -363122 (base 7) in base 16?
-10181
Convert -1120220402 (base 5) to base 6.
-125425134
Convert a6648 (base 12) to base 6.
4404132
Convert -122200023 (base 5) to base 15.
-b8243
Convert 3660530 (base 8) to base 14.
1c3492
What is 363510 (base 7) in base 8?
201074
Convert -2022122021200 (base 3) to base 14.
-241478
-1012222303 (base 4) to base 14
-776b9
Convert 21210000020200 (base 3) to base 15.
569b90
What is -1111100000010011101 (base 2) in base 7?
-4214141
10111111010110001010 (base 2) to base 9
1424087
What is -11202100 (base 3) in base 14?
-1397
-1dad63 (base 14) to base 2
-100000100100100101011
-134220 (base 7) to base 4
-12032112
-11005555 (base 8) to base 10
-2362221
-32d6d (base 15) to base 8
-473565
-40555152 (base 6) to base 10
-1166252
What is 102300102 (base 4) in base 13?
28c71
What is 1110 (base 12) in base 16?
75c
Convert 101213333 (base 4) to base 9.
120022
Convert -631271 (base 9) to base 12.
-160b84
Convert -2434023 (base 5) to base 4.
-23100322
501c64 (base 16) to base 9
10781757
Convert -996406 (base 10) to base 15.
-14a371
What is -1754158 (base 13) in base 6?
-430225531
Convert -36111 (base 15) to base 6.
-3405554
24136 (base 9) to base 7
65043
What is -1ddd30 (base 15) in base 14?
-2a1921
What is -2210132233 (base 5) in base 12?
-1720b67
Convert 3350132 (base 8) to base 16.
dd05a
What is 882470 (base 10) in base 6?
30525302
What is 200023444 (base 5) in base 13?
215519
Convert -101100202110212 (base 3) to base 10.
-5506484
-3b9378 (base 15) to base 7
-33235106
a99365 (base 11) to base 8
6543104
-40a74 (base 13) to base 9
-186141
Convert 383642 (base 10) to base 5.
44234032
What is -2055262 (base 7) in base 16?
-3cd48
-30222331003 (base 4) to base 15
-4592e7
-244031 (base 5) to base 4
-2100302
Convert 996a3 (base 16) to base 14.
12500b
1450534 (base 6) to base 16
149da
What is 1323112132 (base 5) in base 16?
32d847
Convert -101098 (base 10) to base 13.
-3702a
Convert -1415341443 (base 6) to base 10.
-17338275
What is 63736051 (base 8) in base 5?
11441122441
-121034132 (base 6) to base 8
-10572410
What is 4221502 (base 6) in base 7?
1513103
50703a (base 12) to base 10
1256302
232372 (base 12) to base 9
1048405
Convert -5d88a (base 15) to base 4.
-1020332302
Convert 39168 (base 14) to base 7.
1122561
Convert 1012504243 (base 6) to base 12.
361b083
What is -2055305 (base 6) in base 10?
-100985
What is 2e9950 (base 15) in base 11?
1303a53
What is -14669b (base 13) in base 4?
-1322002111
What is -17626224 (base 8) in base 11?
-2378640
Convert -24c03 (base 13) to base 8.
-204545
-7200116 (base 10) to base 12
-24b2898
Convert